2*w = 5. Suppose -b - 4333 = -4*u - 753, -w*b = 3*u - 2708. List the prime factors of u.
2, 7
Suppose 8*y = 23*y - 135. Let g(r) = 17*r**2 - 4*r - 45. List the prime factors of g(y).
2, 3
Suppose -3*a - 34 + 10 = 0. Let p(c) = -87*c - 20. List the prime factors of p(a).
2, 13
Let x(a) = 41*a**2 + 1569*a - 25. What are the prime factors of x(-59)?
5, 401
Let o be (26/4)/(2/20). Let f = -215 + o. Let x = f - -233. List the prime factors of x.
83
Suppose 5*l - 4*p + 6*p = 19, l - 13 = -5*p. Suppose -50505 = -32*k - l*k. What are the prime factors of k?
3, 13, 37
Let s(c) = c**3 - 6*c**2 - 7*c + 2. Let h(w) = -2*w**2 - w - 3. Let x be h(-3). Let l = 25 + x. What are the prime factors of s(l)?
2
Let t = -49 - -128. Suppose 0 = -5*a + m - 304, a = m + 12 - 76. Let l = t + a. List the prime factors of l.
19
Suppose 11 = o - 16. Let u be (78 + -83)/((-1)/6). Suppose u*k - o*k - 402 = 0. What are the prime factors of k?
2, 67
Let j be 16/(-10)*4 - 50/(-125). Let m(n) = 15*n**2 + 10*n - 9. What are the prime factors of m(j)?
3, 157
Let a(j) = 5*j**3 - 4*j**2 + 9*j - 17. Let k be (-2)/(-4) - 190/(-76). What are the prime factors of a(k)?
109
Let g be (-136)/(-1) + (-8)/10*-5. Let d = 176 - g. List the prime factors of d.
2, 3
Suppose -4*t + 6 = 2, 2*t + 32586 = 4*h. What are the prime factors of h?
8147
Let t(h) = h**3 + h. Let y(i) = 2*i**3 - 35*i**2 - 13*i + 4. Let z(k) = -4*t(k) + y(k). Let x be z(-17). List the prime factors of 2 - -2 - (x - 261).
3, 29
Let f = 111941 - 66652. List the prime factors of f.
45289
Let z(h) = 26*h**2 + 10*h - 794. What are the prime factors of z(26)?
2, 8521
Let s be 6/14 + 16470/(-63). Let o = 233 - s. List the prime factors of o.
2, 13, 19
Suppose -2*h + 2*c - c = -10, -3*h = 2*c - 8. Suppose 3*j + 2*l - 654 = l, -h*l + 1090 = 5*j. Let y = 371 - j. List the prime factors of y.
3, 17
Suppose 2*o - 2254 = 1300. Let p = 2656 - o. List the prime factors of p.
3, 293
Suppose 321*d = 3*f + 325*d - 23373, -3*f + d + 23358 = 0. What are the prime factors of f?
13, 599
Let f(l) = -l**2 - 11*l - 18. Let d be f(-2). Suppose d = -559*s + 552*s + 3395. What are the prime factors of s?
5, 97
Suppose -2*w = -4 - 0, -2*w = 2*x - 10336. What are the prime factors of x?
2, 3, 7, 41
Suppose -3*d = 150 - 678. Let v = -84 + d. What are the prime factors of v?
2, 23
Let l(d) = -7*d - 37. Let j(v) = v. Let c(u) = -5*j(u) - l(u). List the prime factors of c(11).
59
Let l(z) = 132*z**2 - 41*z + 4. Let a be l(4). Suppose a = 3*y - 5*x, 6*y = y - 3*x + 3208. List the prime factors of y.
2, 7, 23
Suppose -3750*m + 3766*m = 88352. What are the prime factors of m?
2, 11, 251
Let s(p) = -p**3 - 8*p**2 - 3*p - 6. Let n be s(-8). Suppose -n*h = -37*h + 4142. What are the prime factors of h?
2, 109
Let i(g) = -g**2 + 20*g - 57. Let y be 3/(-6) + 1 + (-21)/(-2). List the prime factors of i(y).
2, 3, 7
Let h(n) be the second derivative of 0 + 14*n - 36*n**2 + 5/6*n**3. List the prime factors of h(22).
2, 19
Let f(l) = -l**3 + 14*l**2 + 7*l - 30. Let i be f(12). Let m = i - 61. List the prime factors of m.
281
What are the prime factors of (-13138)/(-2) - 630/(-105)?
5, 263
Let c(o) = -2*o - 21. Let t(x) = -2*x**2 + 12*x + 6. Let r be t(7). Let p be c(r). List the prime factors of p/((-25)/145) - (0 - 1).
2, 3, 5
List the prime factors of (-115540)/(((-5)/3)/(-5) + 427/(-183)).
2, 5, 53, 109
Let b(p) = -p**3 - 31*p**2 - p + 91. Suppose 0 = 5*j + 4*y + 175, -3*j - j + 3*y - 109 = 0. List the prime factors of b(j).
2, 61
Let r(v) = v**3 + 7*v**2 - 10*v - 6. Let p be r(-7). Suppose 69*t - 1160 = p*t. What are the prime factors of t?
2, 29
Let c be 4/((-40)/(-3662)) + 2/(-10). Let h = -68 + c. List the prime factors of h.
2, 149
Suppose -3*y - 347*a = -350*a - 36075, 0 = -2*y + 4*a + 24044. List the prime factors of y.
2, 31, 97
Suppose -2*m - m = -2*o + 15, 2*o = 5*m + 25. Suppose o = -2*y + 30 + 202. Suppose u = y - 17. List the prime factors of u.
3, 11
Suppose -m + q = -2335, 5*m - 2548 = 6*q + 9122. List the prime factors of m.
2, 3, 5, 13
Let u = -71 - -76. Suppose -2*v + 9 - u = 0. What are the prime factors of ((-6)/v)/((-3)/9)?
3
Suppose 8*q - 8 = 16. Suppose -228 = -q*s - y + 949, -3*s = -2*y - 1165. List the prime factors of s.
17, 23
Let l = -8693 - -21888. List the prime factors of l.
5, 7, 13, 29
Suppose 5*r + 3*z - 42057 = 0, -2*z - 29826 = -3*r - 4588. What are the prime factors of r?
2, 3, 701
Let n(m) = 44*m**2 + 42*m + 171. Let c = -60 - -56. List the prime factors of n(c).
7, 101
Let b(q) = -9*q**3 + 4*q**2 + 5*q + 8. Let n = -208 + 204. List the prime factors of b(n).
2, 157
What are the prime factors of ((-5 + 39)*5)/(1/203)?
2, 5, 7, 17, 29
Let i(q) = q**3 - 32*q**2 + q - 30. Let o be i(32). List the prime factors of (1 - o)/((-17)/15470).
2, 5, 7, 13
Let j = 10691 + -6769. List the prime factors of j.
2, 37, 53
Let h be 235/(-6)*4 + 48/72. What are the prime factors of (-3)/4 + 0 + (-85761)/h?
3, 61
Let c(z) = 8*z**2 - 133*z - 360. List the prime factors of c(63).
3, 2557
Let z(s) = -s**2 - 4*s - 3. Let h be z(-1). Suppose i + 1 = h, 5*i = -l - 129 + 953. What are the prime factors of l?
829
Let i be 6*5 - (-2 + 8 - 0). What are the prime factors of ((-20)/24)/5 + 26284/i?
3, 5, 73
Suppose 0 = -3*n - a + 22, a = -5*n + 4*a + 32. What are the prime factors of (3 - n/2) + 3895/10?
389
Suppose 27*b + 3554 = 2*q + 26*b, -3*q - 2*b + 5352 = 0. List the prime factors of q.
2, 5, 89
What are the prime factors of (7 - 138/12)*(8 + -1780)?
2, 3, 443
Suppose 106*l - 27318 = 104*l - 3*s, -3*s = -4*l + 54672. List the prime factors of l.
3, 5, 911
Let a = -1341 - -2911. What are the prime factors of (-1)/16*-2*4*a?
5, 157
Suppose -16*j - 29 - 51 = 0. List the prime factors of 8/(-120)*j - (-1745)/3.
2, 3, 97
Let j(p) = -p + 93. Suppose 0 = -3*s + b + 4*b + 40, s - 3*b = 20. Suppose -2*u + 4*c = 5*c - 5, 0 = u + s*c - 25. What are the prime factors of j(u)?
3, 31
Suppose -411047 + 4482842 = 95*r. What are the prime factors of r?
3, 7, 13, 157
Let j(c) = 4*c**2 - 16*c + 4. Let n be j(4). Suppose 28 = -n*w + a, 5*a + 6 - 32 = w. List the prime factors of (2 + (-7)/2)/(w/28).
7
Suppose 3*b = 5*y - 484, 6*y - y + b - 472 = 0. What are the prime factors of (-3)/(-45)*3*1*y?
19
Let b(s) = 4*s**2 - 12*s - 13. Let r be b(-1). Suppose 0 = -4*y - 0*y. Suppose y = -t + r, 350 = l + 3*l - 2*t. List the prime factors of l.
89
Suppose -4*n = -2*b + 155 + 2053, -3*b = -5*n - 3314. List the prime factors of b.
2, 277
Suppose 5*s - 24547 = 13009 + 33004. What are the prime factors of s?
2, 3, 7
Suppose 9*a - 34 = 10*a. Let d = -4 - a. Let c = 36 - d. What are the prime factors of c?
2, 3
Let z = -120 + 171. Let t = 83 + z. Let x = t - 81. What are the prime factors of x?
53
Let g(y) = -4*y**2 + 3*y**2 + 101*y**3 + 8 - 53*y + 48*y. What are the prime factors of g(2)?
2, 401
Suppose 8*v - 11*v + 6 = 0. Suppose -v*b = 0, -2*m + 5*b - 2*b = 0. Suppose 0*s + 2*s - 6 = m. List the prime factors of s.
3
Let y = 26458 - 5700. What are the prime factors of y?
2, 97, 107
Suppose 4*o = -5*v + 104329, 0 = 5*v - 3*o - 42884 - 61473. List the prime factors of v.
41, 509
Let l(q) = q**3 - 13*q**2 - 20*q + 13. Let f be l(10). Let g = 844 + f. List the prime factors of g.
3, 7, 17
Let g = 339 - 320. Suppose -g*t + 6589 = -3196. List the prime factors of t.
5, 103
Let d = -22 + 35. Suppose 20*u - 21*u = -d. List the prime factors of u.
13
Suppose 5*w + 16 = 9*w. List the prime factors of 1849/w + 3/(-12).
2, 3, 7, 11
Let o(t) = 4*t**2 - 31*t + 1. Let b(r) = r**3 - 37*r**2 + 36*r - 8. Let s be b(36). List the prime factors of o(s).
5, 101
Let c(x) = 12*x + 100. Let o be c(27). Let f = 1321 - o. What are the prime factors of f?
3, 13, 23
Let a be -2460*(-3)/((-60)/(-56)). Suppose -a = -4*u - 10*u. List the prime factors of u.
2, 3, 41
Let n(r) = -397*r**3 + r**2 + 13*r - 13. Let v be n(1). Let b = -134 - v. What are the prime factors of b?
2, 131
Suppose -54*x - 31*x = 27*x - 3137344. What are the prime factors of x?
2, 47, 149
Let o = 31 - -23. Suppose 3*d - 21 + o = 0. Let g(r) = r**3 + 10*r**2 - 15*r - 10. What are the prime factors of g(d)?
2, 17
Let s = -268 - -1166. Suppose 3*g = p + s, -2*g + 608 = -0*g + 4*p. List the prime factors of g.
2, 3, 5
Let i(m) = -m**3 + m**2 + 